ate the greatest common factor of 305058 and 1404.
78
What is the highest common divisor of 78 and 638391?
39
Calculate the greatest common factor of 236 and 3836.
4
What is the highest common divisor of 72 and 2466?
18
Calculate the highest common factor of 13607 and 176.
11
What is the greatest common factor of 182 and 1792?
14
Calculate the highest common factor of 6300 and 1540.
140
Calculate the greatest common factor of 5 and 151.
1
Calculate the highest common factor of 14 and 347518.
2
What is the greatest common divisor of 103880 and 15?
5
Calculate the highest common factor of 65520 and 156.
156
Calculate the greatest common factor of 2115 and 15040.
235
What is the highest common factor of 51 and 33932?
17
Calculate the highest common divisor of 3850 and 4000.
50
What is the greatest common divisor of 1772 and 707914?
886
Calculate the greatest common factor of 38 and 1112.
2
Calculate the greatest common divisor of 170020 and 20.
20
What is the greatest common divisor of 631 and 437914?
631
What is the greatest common divisor of 48174 and 13209?
777
What is the highest common divisor of 218917 and 537?
179
What is the greatest common factor of 1517 and 3485?
41
Calculate the highest common divisor of 11546 and 4769.
251
Calculate the highest common factor of 143 and 145431.
143
Calculate the greatest common divisor of 7493 and 708.
59
Calculate the greatest common divisor of 61 and 602863.
61
What is the greatest common divisor of 39 and 5928?
39
Calculate the greatest common factor of 4520 and 6280.
40
Calculate the highest common factor of 75463 and 5597.
193
What is the highest common divisor of 1696 and 1790764?
212
What is the highest common divisor of 144786 and 2124?
354
Calculate the highest common divisor of 17478 and 31014.
18
Calculate the greatest common divisor of 1423435 and 610.
305
What is the greatest common factor of 153 and 790?
1
What is the greatest common divisor of 8900 and 350?
50
What is the highest common factor of 366502 and 712?
178
What is the greatest common divisor of 65081 and 151?
151
What is the highest common divisor of 5552 and 950433?
347
What is the greatest common divisor of 87820 and 80?
20
Calculate the highest common divisor of 270 and 41985.
135
What is the greatest common divisor of 35208 and 1630?
326
What is the greatest common factor of 23325 and 35?
5
Calculate the greatest common divisor of 76775 and 415.
415
What is the highest common factor of 11183 and 106795?
53
Calculate the highest common divisor of 15350 and 93635.
1535
Calculate the highest common divisor of 237064 and 8.
8
Calculate the highest common factor of 14862 and 42.
6
Calculate the greatest common factor of 123564 and 24.
12
Calculate the greatest common divisor of 218 and 31444102.
218
Calculate the highest common factor of 2 and 1271.
1
Calculate the highest common divisor of 6767 and 42880.
67
What is the highest common factor of 6032 and 56?
8
What is the highest common divisor of 278074 and 7574?
1082
What is the highest common factor of 2534 and 2079147?
1267
What is the greatest common divisor of 21784 and 128?
8
Calculate the greatest common factor of 540719 and 10693.
289
Calculate the greatest common factor of 95 and 23840.
5
Calculate the greatest common divisor of 415 and 86345.
5
What is the highest common factor of 2548 and 15848?
28
Calculate the greatest common divisor of 1526 and 16282.
14
What is the greatest common factor of 291 and 10563?
3
Calculate the highest common divisor of 65846 and 20746.
902
Calculate the highest common factor of 393 and 114.
3
What is the greatest common factor of 278650 and 100?
50
Calculate the highest common divisor of 10698226 and 3556.
1778
Calculate the highest common factor of 39785 and 657.
73
What is the greatest common divisor of 322 and 51730?
14
What is the greatest common divisor of 245 and 58730?
35
What is the highest common factor of 11089 and 1703?
13
Calculate the greatest common divisor of 85428 and 270.
54
Calculate the greatest common factor of 198 and 165660.
66
Calculate the highest common divisor of 696 and 744488.
232
What is the highest common factor of 306 and 16711?
17
Calculate the highest common divisor of 63 and 199143.
63
Calculate the greatest common divisor of 13 and 11875331.
13
Calculate the highest common factor of 377 and 458809.
377
Calculate the highest common factor of 1131 and 4329.
39
What is the greatest common divisor of 228 and 228950?
38
What is the greatest common divisor of 198419 and 4?
1
Calculate the highest common factor of 8568 and 10080.
504
Calculate the highest common divisor of 9207 and 1683.
99
What is the highest common factor of 21564 and 684?
36
Calculate the highest common factor of 2142 and 3738861.
1071
Calculate the greatest common divisor of 9080000 and 125.
125
What is the highest common divisor of 215 and 165?
5
Calculate the greatest common factor of 48 and 2118.
6
What is the greatest common divisor of 44 and 129536?
44
What is the highest common factor of 43901 and 22?
11
Calculate the greatest common factor of 729 and 4725.
27
Calculate the highest common divisor of 8881150 and 50.
50
What is the greatest common divisor of 1311720 and 15?
15
Calculate the greatest common factor of 9675 and 13975.
1075
Calculate the greatest common divisor of 205000 and 21320.
1640
What is the greatest common factor of 136736 and 256?
32
What is the greatest common factor of 930 and 4530?
30
What is the highest common factor of 4526 and 12338?
62
Calculate the greatest common factor of 175151 and 544.
17
What is the highest common divisor of 3330 and 600?
30
Calculate the highest common divisor of 248 and 1005392.
248
Calculate the greatest common factor of 993659 and 607.
607
Calculate the greatest common divisor of 498861 and 99.
99
What is the greatest common divisor of 481 and 32412?
37
Calculate the greatest common factor of 51038 and 2704.
338
Calculate the greatest common factor of 58938 and 132.
66
Calculate the highest common divisor of 2772 and 1372602.
462
What is the greatest common divisor of 93 and 334521?
93
What is the highest common factor of 4044829 and 1994?
997
Calculate the highest common divisor of 344 and 34529.
43
Calculate the highest common factor of 32 and 145.
1
What is the highest common factor of 4900 and 1080?
20
What is the greatest common factor of 736 and 800?
32
Calculate the highest common factor of 897 and 43836.
39
Calculate the greatest common factor of 58 and 376101.
29
Calculate the greatest common divisor of 3480 and 120930.
870
What is the greatest common factor of 1372 and 1195355?
343
What is the highest common divisor of 119505 and 6045?
465
Calculate the highest common divisor of 66 and 34199.
11
Calculate the greatest common factor of 1873383 and 327.
327
What is the greatest common divisor of 128 and 7652?
4
What is the highest common factor of 3105 and 162?
27
What is the highest common divisor of 15531 and 2139?
93
Calculate the highest common divisor of 3 and 13187.
1
Calculate the highest common factor of 4641 and 16653.
273
What is the highest common divisor of 994 and 439277?
71
What is the highest common factor of 1370 and 3395?
5
What is the greatest common divisor of 169 and 259948?
13
What is the highest common factor of 2024 and 11275?
11
What is the highest common factor of 1459768 and 8?
8
Calculate the highest common factor of 7284 and 15924.
12
What is the greatest common divisor of 660 and 5412?
132
Calculate the greatest common divisor of 39565 and 6150.
205
Calculate the greatest common factor of 20388 and 1236.
12
Calculate the highest common divisor of 7519 and 309.
103
What is the highest common factor of 35690 and 58930?
830
What is the greatest common divisor of 23212 and 28?
28
Calculate the greatest common divisor of 2109 and 171.
57
Calculate the greatest common factor of 7197765 and 15.
15
What is the greatest common factor of 2030 and 9222?
58
Calculate the greatest common divisor of 160 and 173180.
20
What is the highest common factor of 139575 and 75?
75
Calculate the greatest common factor of 6766 and 3434.
34
Calculate the highest common factor of 211939 and 29393.
1547
Calculate the greatest common divisor of 8 and 12904.
8
What i